{"id":2545,"date":"2024-05-29T19:51:07","date_gmt":"2024-05-29T17:51:07","guid":{"rendered":"http:\/\/chantallbutik.pl\/?post_type=product&#038;p=2545"},"modified":"2025-09-23T22:02:34","modified_gmt":"2025-09-23T20:02:34","slug":"100ml-65","status":"publish","type":"product","link":"https:\/\/chantallbutik.pl\/index.php\/product\/100ml-65\/","title":{"rendered":"Inspiracja ARMANI PRIV\u00c9 TH\u00c9 YULONG 100ml"},"content":{"rendered":"","protected":false},"excerpt":{"rendered":"<p>Pojemno\u015b\u0107 100ml<\/p>\n<p>Nuty zapachowe<\/p>\n<ul>\n<li>Nuta g\u0142owy: zielona mandarynka, kardamon, limonka, petitgrain<\/li>\n<li>Nuta serca: ja\u015bmin, mate, li\u015bcie herbaty, kwiaty pomara\u0144czy<\/li>\n<li>Nuta bazy: pi\u017cmo, drewno, irys, wetyweria<\/li>\n<\/ul>\n","protected":false},"featured_media":2302,"comment_status":"open","ping_status":"closed","template":"","meta":[],"product_cat":[20],"product_tag":[],"_links":{"self":[{"href":"https:\/\/chantallbutik.pl\/index.php\/wp-json\/wp\/v2\/product\/2545"}],"collection":[{"href":"https:\/\/chantallbutik.pl\/index.php\/wp-json\/wp\/v2\/product"}],"about":[{"href":"https:\/\/chantallbutik.pl\/index.php\/wp-json\/wp\/v2\/types\/product"}],"replies":[{"embeddable":true,"href":"https:\/\/chantallbutik.pl\/index.php\/wp-json\/wp\/v2\/comments?post=2545"}],"wp:featuredmedia":[{"embeddable":true,"href":"https:\/\/chantallbutik.pl\/index.php\/wp-json\/wp\/v2\/media\/2302"}],"wp:attachment":[{"href":"https:\/\/chantallbutik.pl\/index.php\/wp-json\/wp\/v2\/media?parent=2545"}],"wp:term":[{"taxonomy":"product_cat","embeddable":true,"href":"https:\/\/chantallbutik.pl\/index.php\/wp-json\/wp\/v2\/product_cat?post=2545"},{"taxonomy":"product_tag","embeddable":true,"href":"https:\/\/chantallbutik.pl\/index.php\/wp-json\/wp\/v2\/product_tag?post=2545"}],"curies":[{"name":"wp","href":"https:\/\/api.w.org\/{rel}","templated":true}]}}