{"id":2448,"date":"2024-05-29T19:06:03","date_gmt":"2024-05-29T17:06:03","guid":{"rendered":"http:\/\/chantallbutik.pl\/?post_type=product&#038;p=2448"},"modified":"2025-09-23T22:03:26","modified_gmt":"2025-09-23T20:03:26","slug":"100ml-15","status":"publish","type":"product","link":"https:\/\/chantallbutik.pl\/index.php\/product\/100ml-15\/","title":{"rendered":"Inspiracja CHANEL COCO MADEMOISELLE 100ml"},"content":{"rendered":"<p>Premiera: 2001 rok<\/p>\n<p>orientalno &#8211; drzewne perfumy dla kobiet.<\/p>\n<p>&nbsp;<\/p>\n<p>Nuty zapachowe:<\/p>\n<p>&nbsp;<\/p>\n<p>nuta g\u0142owy: pomara\u0144cza, mandarynka, kwiat pomara\u0144czy i bergamotka;<\/p>\n<p>&nbsp;<\/p>\n<p>nuta serca: mimoza, ja\u015bmin, r\u00f3\u017ca turecka i ylang-ylang;<\/p>\n<p>&nbsp;<\/p>\n<p>nuta bazy: fasolka tonka, paczula, opoponaks, wanilia, wetyweria i bia\u0142e pi\u017cmo.<\/p>\n","protected":false},"excerpt":{"rendered":"<p>Premiera: 2001 rok orientalno &#8211; drzewne perfumy dla kobiet. &nbsp; Nuty zapachowe: &nbsp; nuta g\u0142owy: pomara\u0144cza, mandarynka, kwiat pomara\u0144czy i bergamotka; &nbsp; nuta serca: mimoza, ja\u015bmin, r\u00f3\u017ca turecka i ylang-ylang; &nbsp; nuta bazy: fasolka tonka, paczula, opoponaks, wanilia, wetyweria i bia\u0142e pi\u017cmo.<\/p>\n","protected":false},"featured_media":2380,"comment_status":"open","ping_status":"closed","template":"","meta":[],"product_cat":[20],"product_tag":[],"_links":{"self":[{"href":"https:\/\/chantallbutik.pl\/index.php\/wp-json\/wp\/v2\/product\/2448"}],"collection":[{"href":"https:\/\/chantallbutik.pl\/index.php\/wp-json\/wp\/v2\/product"}],"about":[{"href":"https:\/\/chantallbutik.pl\/index.php\/wp-json\/wp\/v2\/types\/product"}],"replies":[{"embeddable":true,"href":"https:\/\/chantallbutik.pl\/index.php\/wp-json\/wp\/v2\/comments?post=2448"}],"wp:featuredmedia":[{"embeddable":true,"href":"https:\/\/chantallbutik.pl\/index.php\/wp-json\/wp\/v2\/media\/2380"}],"wp:attachment":[{"href":"https:\/\/chantallbutik.pl\/index.php\/wp-json\/wp\/v2\/media?parent=2448"}],"wp:term":[{"taxonomy":"product_cat","embeddable":true,"href":"https:\/\/chantallbutik.pl\/index.php\/wp-json\/wp\/v2\/product_cat?post=2448"},{"taxonomy":"product_tag","embeddable":true,"href":"https:\/\/chantallbutik.pl\/index.php\/wp-json\/wp\/v2\/product_tag?post=2448"}],"curies":[{"name":"wp","href":"https:\/\/api.w.org\/{rel}","templated":true}]}}