{"id":2427,"date":"2024-05-29T18:57:42","date_gmt":"2024-05-29T16:57:42","guid":{"rendered":"http:\/\/chantallbutik.pl\/?post_type=product&#038;p=2427"},"modified":"2025-09-23T22:04:00","modified_gmt":"2025-09-23T20:04:00","slug":"75ml-2","status":"publish","type":"product","link":"https:\/\/chantallbutik.pl\/index.php\/product\/75ml-2\/","title":{"rendered":"Inspiracja HUGO BOSS MA VIE 75ml"},"content":{"rendered":"<p>Premiera: 2014 rok<\/p>\n<p>kwiatowe perfumy dla kobiet.<\/p>\n<p>&nbsp;<\/p>\n<p>Nuty zapachowe:<\/p>\n<p>&nbsp;<\/p>\n<p>nuta g\u0142owy: kwiat kaktusa<\/p>\n<p>nuta serca: r\u00f3\u017cowa frezja, ja\u015bmin i r\u00f3\u017ca<\/p>\n<p>nuta bazy: cedr i nuty drzewne<\/p>\n","protected":false},"excerpt":{"rendered":"<p>Premiera: 2014 rok kwiatowe perfumy dla kobiet. &nbsp; Nuty zapachowe: &nbsp; nuta g\u0142owy: kwiat kaktusa nuta serca: r\u00f3\u017cowa frezja, ja\u015bmin i r\u00f3\u017ca nuta bazy: cedr i nuty drzewne<\/p>\n","protected":false},"featured_media":2398,"comment_status":"open","ping_status":"closed","template":"","meta":[],"product_cat":[20],"product_tag":[],"_links":{"self":[{"href":"https:\/\/chantallbutik.pl\/index.php\/wp-json\/wp\/v2\/product\/2427"}],"collection":[{"href":"https:\/\/chantallbutik.pl\/index.php\/wp-json\/wp\/v2\/product"}],"about":[{"href":"https:\/\/chantallbutik.pl\/index.php\/wp-json\/wp\/v2\/types\/product"}],"replies":[{"embeddable":true,"href":"https:\/\/chantallbutik.pl\/index.php\/wp-json\/wp\/v2\/comments?post=2427"}],"wp:featuredmedia":[{"embeddable":true,"href":"https:\/\/chantallbutik.pl\/index.php\/wp-json\/wp\/v2\/media\/2398"}],"wp:attachment":[{"href":"https:\/\/chantallbutik.pl\/index.php\/wp-json\/wp\/v2\/media?parent=2427"}],"wp:term":[{"taxonomy":"product_cat","embeddable":true,"href":"https:\/\/chantallbutik.pl\/index.php\/wp-json\/wp\/v2\/product_cat?post=2427"},{"taxonomy":"product_tag","embeddable":true,"href":"https:\/\/chantallbutik.pl\/index.php\/wp-json\/wp\/v2\/product_tag?post=2427"}],"curies":[{"name":"wp","href":"https:\/\/api.w.org\/{rel}","templated":true}]}}