{"id":2075,"date":"2024-05-27T20:16:18","date_gmt":"2024-05-27T18:16:18","guid":{"rendered":"http:\/\/chantallbutik.pl\/?post_type=product&#038;p=2075"},"modified":"2025-09-23T22:06:23","modified_gmt":"2025-09-23T20:06:23","slug":"inspiracja-calvin-klein-eternity-for-men-100ml","status":"publish","type":"product","link":"https:\/\/chantallbutik.pl\/index.php\/product\/inspiracja-calvin-klein-eternity-for-men-100ml\/","title":{"rendered":"Inspiracja Calvin Klein Eternity For Men 100ml"},"content":{"rendered":"","protected":false},"excerpt":{"rendered":"<p>WODA PERFUMOWANA ! ! !<\/p>\n<p>Pojemno\u015b\u0107 100ml<\/p>\n<div id=\"description\" class=\"tab-pane fade in active\" role=\"tabpanel\">\n<div class=\"product-description\">\n<p><strong>Premiera:<\/strong> 1990 rok<\/p>\n<p>To aromatyczno &#8211; fougere perfumy dla m\u0119\u017cczyzn.<\/p>\n<p><strong>Nuty zapachowe:<br \/>\n<\/strong><\/p>\n<p>nuta g\u0142owy: lawenda, mandarynka, bergamotka i cytryna;<\/p>\n<p>nuta serca: kolendra, lilia, kwiat pomara\u0144czy, jagody ja\u0142owca, bazylia, ja\u015bmin, sza\u0142wia, konwalia i geranium;<\/p>\n<p>nuta bazy: drzewo sanda\u0142owe, ambra, pi\u017cmo, wetyweria i brazylijskie drzewo r\u00f3\u017cane.<\/p>\n<\/div>\n<\/div>\n","protected":false},"featured_media":2027,"comment_status":"open","ping_status":"closed","template":"","meta":[],"product_cat":[19],"product_tag":[],"_links":{"self":[{"href":"https:\/\/chantallbutik.pl\/index.php\/wp-json\/wp\/v2\/product\/2075"}],"collection":[{"href":"https:\/\/chantallbutik.pl\/index.php\/wp-json\/wp\/v2\/product"}],"about":[{"href":"https:\/\/chantallbutik.pl\/index.php\/wp-json\/wp\/v2\/types\/product"}],"replies":[{"embeddable":true,"href":"https:\/\/chantallbutik.pl\/index.php\/wp-json\/wp\/v2\/comments?post=2075"}],"wp:featuredmedia":[{"embeddable":true,"href":"https:\/\/chantallbutik.pl\/index.php\/wp-json\/wp\/v2\/media\/2027"}],"wp:attachment":[{"href":"https:\/\/chantallbutik.pl\/index.php\/wp-json\/wp\/v2\/media?parent=2075"}],"wp:term":[{"taxonomy":"product_cat","embeddable":true,"href":"https:\/\/chantallbutik.pl\/index.php\/wp-json\/wp\/v2\/product_cat?post=2075"},{"taxonomy":"product_tag","embeddable":true,"href":"https:\/\/chantallbutik.pl\/index.php\/wp-json\/wp\/v2\/product_tag?post=2075"}],"curies":[{"name":"wp","href":"https:\/\/api.w.org\/{rel}","templated":true}]}}