{"id":1991,"date":"2024-05-27T17:14:32","date_gmt":"2024-05-27T15:14:32","guid":{"rendered":"http:\/\/chantallbutik.pl\/?post_type=product&#038;p=1991"},"modified":"2025-09-23T22:07:03","modified_gmt":"2025-09-23T20:07:03","slug":"inspiracja-givenchy-linterdit-rouge-100ml","status":"publish","type":"product","link":"https:\/\/chantallbutik.pl\/index.php\/product\/inspiracja-givenchy-linterdit-rouge-100ml\/","title":{"rendered":"Inspiracja Givenchy L&#8217;Interdit Rouge 100ml"},"content":{"rendered":"","protected":false},"excerpt":{"rendered":"<p>WODA PERFUMOWANA ! ! !<\/p>\n<p>Pojemno\u015b\u0107 110ml<\/p>\n<p><strong>Premiera:<\/strong> 2021 rok<\/p>\n<p>Nutami g\u0142owy: s\u0105 Imbir i Czerwona pomara\u0144cza;<\/p>\n<p>Nutami serca: s\u0105 Tuberoza, Ja\u015bmin i Pimento Leaf;<\/p>\n<p>Nutami bazy: s\u0105 Paczula, Drzewo sanda\u0142owe i Wetyweria.<\/p>\n","protected":false},"featured_media":1964,"comment_status":"open","ping_status":"closed","template":"","meta":[],"product_cat":[20],"product_tag":[],"_links":{"self":[{"href":"https:\/\/chantallbutik.pl\/index.php\/wp-json\/wp\/v2\/product\/1991"}],"collection":[{"href":"https:\/\/chantallbutik.pl\/index.php\/wp-json\/wp\/v2\/product"}],"about":[{"href":"https:\/\/chantallbutik.pl\/index.php\/wp-json\/wp\/v2\/types\/product"}],"replies":[{"embeddable":true,"href":"https:\/\/chantallbutik.pl\/index.php\/wp-json\/wp\/v2\/comments?post=1991"}],"wp:featuredmedia":[{"embeddable":true,"href":"https:\/\/chantallbutik.pl\/index.php\/wp-json\/wp\/v2\/media\/1964"}],"wp:attachment":[{"href":"https:\/\/chantallbutik.pl\/index.php\/wp-json\/wp\/v2\/media?parent=1991"}],"wp:term":[{"taxonomy":"product_cat","embeddable":true,"href":"https:\/\/chantallbutik.pl\/index.php\/wp-json\/wp\/v2\/product_cat?post=1991"},{"taxonomy":"product_tag","embeddable":true,"href":"https:\/\/chantallbutik.pl\/index.php\/wp-json\/wp\/v2\/product_tag?post=1991"}],"curies":[{"name":"wp","href":"https:\/\/api.w.org\/{rel}","templated":true}]}}