{"id":2,"date":"2018-07-09T12:20:15","date_gmt":"2018-07-09T10:20:15","guid":{"rendered":"http:\/\/chantallbutik.pl\/?page_id=2"},"modified":"2025-05-29T15:00:11","modified_gmt":"2025-05-29T13:00:11","slug":"home","status":"publish","type":"page","link":"https:\/\/chantallbutik.pl\/","title":{"rendered":"Strona g\u0142\u00f3wna"},"content":{"rendered":"<h2 style=\"text-align: center;\"><img loading=\"lazy\" decoding=\"async\" class=\"wp-image-596 aligncenter\" src=\"http:\/\/chantallbutik.pl\/wp-content\/uploads\/2018\/09\/t\u0142o-bucik-300x111.jpg\" alt=\"\" width=\"852\" height=\"315\" srcset=\"https:\/\/chantallbutik.pl\/wp-content\/uploads\/2018\/09\/t\u0142o-bucik-300x111.jpg 300w, https:\/\/chantallbutik.pl\/wp-content\/uploads\/2018\/09\/t\u0142o-bucik-768x284.jpg 768w, https:\/\/chantallbutik.pl\/wp-content\/uploads\/2018\/09\/t\u0142o-bucik-416x154.jpg 416w, https:\/\/chantallbutik.pl\/wp-content\/uploads\/2018\/09\/t\u0142o-bucik.jpg 960w\" sizes=\"(max-width: 852px) 100vw, 852px\" \/><\/h2>\n<div class=\"woocommerce columns-4 \"><ul class=\"products columns-4\">\n<li class=\"product type-product post-2189 status-publish first outofstock product_cat-damskie product_cat-meskie has-post-thumbnail taxable shipping-taxable purchasable product-type-simple\">\n\t<a href=\"https:\/\/chantallbutik.pl\/index.php\/product\/inspiracja-maison-francis-kurkdjian-baccarat-rouge-540-100ml\/\" class=\"woocommerce-LoopProduct-link woocommerce-loop-product__link\"><img loading=\"lazy\" decoding=\"async\" width=\"324\" height=\"324\" src=\"https:\/\/chantallbutik.pl\/wp-content\/uploads\/2024\/05\/Baccarat-324x324.jpg\" class=\"attachment-woocommerce_thumbnail size-woocommerce_thumbnail\" alt=\"\" srcset=\"https:\/\/chantallbutik.pl\/wp-content\/uploads\/2024\/05\/Baccarat-324x324.jpg 324w, https:\/\/chantallbutik.pl\/wp-content\/uploads\/2024\/05\/Baccarat-150x150.jpg 150w, https:\/\/chantallbutik.pl\/wp-content\/uploads\/2024\/05\/Baccarat-300x300.jpg 300w, https:\/\/chantallbutik.pl\/wp-content\/uploads\/2024\/05\/Baccarat-416x416.jpg 416w, https:\/\/chantallbutik.pl\/wp-content\/uploads\/2024\/05\/Baccarat-100x100.jpg 100w, https:\/\/chantallbutik.pl\/wp-content\/uploads\/2024\/05\/Baccarat.jpg 700w\" sizes=\"(max-width: 324px) 100vw, 324px\" \/><h2 class=\"woocommerce-loop-product__title\">Inspiracja Maison Francis Kurkdjian Baccarat Rouge 540 100ml<\/h2><div class=\"star-rating\" role=\"img\" aria-label=\"Oceniono 5.00 na 5\"><span style=\"width:100%\">Oceniono <strong class=\"rating\">5.00<\/strong> na 5<\/span><\/div>\n\t<span class=\"price\"><span class=\"woocommerce-Price-amount amount\"><bdi>40,00&nbsp;<span class=\"woocommerce-Price-currencySymbol\">&#122;&#322;<\/span><\/bdi><\/span><\/span>\n<\/a><a href=\"https:\/\/chantallbutik.pl\/index.php\/product\/inspiracja-maison-francis-kurkdjian-baccarat-rouge-540-100ml\/\" data-quantity=\"1\" class=\"button product_type_simple\" data-product_id=\"2189\" data-product_sku=\"\" aria-label=\"Przeczytaj wi\u0119cej o &bdquo;Inspiracja Maison Francis Kurkdjian Baccarat Rouge 540 100ml&rdquo;\" aria-describedby=\"\" rel=\"nofollow\">Dowiedz si\u0119 wi\u0119cej<\/a><\/li>\n<li class=\"product type-product post-2569 status-publish outofstock product_cat-damskie has-post-thumbnail taxable shipping-taxable purchasable product-type-simple\">\n\t<a href=\"https:\/\/chantallbutik.pl\/index.php\/product\/85ml-5\/\" class=\"woocommerce-LoopProduct-link woocommerce-loop-product__link\"><img loading=\"lazy\" decoding=\"async\" width=\"324\" height=\"324\" src=\"https:\/\/chantallbutik.pl\/wp-content\/uploads\/2024\/05\/Photoroom-20240529_172712_25-324x324.png\" class=\"attachment-woocommerce_thumbnail size-woocommerce_thumbnail\" alt=\"\" srcset=\"https:\/\/chantallbutik.pl\/wp-content\/uploads\/2024\/05\/Photoroom-20240529_172712_25-324x324.png 324w, https:\/\/chantallbutik.pl\/wp-content\/uploads\/2024\/05\/Photoroom-20240529_172712_25-150x150.png 150w, https:\/\/chantallbutik.pl\/wp-content\/uploads\/2024\/05\/Photoroom-20240529_172712_25-300x300.png 300w, https:\/\/chantallbutik.pl\/wp-content\/uploads\/2024\/05\/Photoroom-20240529_172712_25-768x768.png 768w, https:\/\/chantallbutik.pl\/wp-content\/uploads\/2024\/05\/Photoroom-20240529_172712_25-1024x1024.png 1024w, https:\/\/chantallbutik.pl\/wp-content\/uploads\/2024\/05\/Photoroom-20240529_172712_25-416x416.png 416w, https:\/\/chantallbutik.pl\/wp-content\/uploads\/2024\/05\/Photoroom-20240529_172712_25-100x100.png 100w, https:\/\/chantallbutik.pl\/wp-content\/uploads\/2024\/05\/Photoroom-20240529_172712_25.png 1600w\" sizes=\"(max-width: 324px) 100vw, 324px\" \/><h2 class=\"woocommerce-loop-product__title\">Inspiracja Carolina Herrera Good Girl 50ml<\/h2>\n\t<span class=\"price\"><span class=\"woocommerce-Price-amount amount\"><bdi>35,00&nbsp;<span class=\"woocommerce-Price-currencySymbol\">&#122;&#322;<\/span><\/bdi><\/span><\/span>\n<\/a><a href=\"https:\/\/chantallbutik.pl\/index.php\/product\/85ml-5\/\" data-quantity=\"1\" class=\"button product_type_simple\" data-product_id=\"2569\" data-product_sku=\"\" aria-label=\"Przeczytaj wi\u0119cej o &bdquo;Inspiracja Carolina Herrera Good Girl 50ml&rdquo;\" aria-describedby=\"\" rel=\"nofollow\">Dowiedz si\u0119 wi\u0119cej<\/a><\/li>\n<li class=\"product type-product post-2234 status-publish outofstock product_cat-meskie has-post-thumbnail taxable shipping-taxable purchasable product-type-simple\">\n\t<a href=\"https:\/\/chantallbutik.pl\/index.php\/product\/inspiracja-christian-dior-sauvage-100ml\/\" class=\"woocommerce-LoopProduct-link woocommerce-loop-product__link\"><img loading=\"lazy\" decoding=\"async\" width=\"324\" height=\"324\" src=\"https:\/\/chantallbutik.pl\/wp-content\/uploads\/2024\/05\/Sauvage-324x324.jpg\" class=\"attachment-woocommerce_thumbnail size-woocommerce_thumbnail\" alt=\"\" srcset=\"https:\/\/chantallbutik.pl\/wp-content\/uploads\/2024\/05\/Sauvage-324x324.jpg 324w, https:\/\/chantallbutik.pl\/wp-content\/uploads\/2024\/05\/Sauvage-150x150.jpg 150w, https:\/\/chantallbutik.pl\/wp-content\/uploads\/2024\/05\/Sauvage-300x300.jpg 300w, https:\/\/chantallbutik.pl\/wp-content\/uploads\/2024\/05\/Sauvage-416x416.jpg 416w, https:\/\/chantallbutik.pl\/wp-content\/uploads\/2024\/05\/Sauvage-100x100.jpg 100w, https:\/\/chantallbutik.pl\/wp-content\/uploads\/2024\/05\/Sauvage.jpg 600w\" sizes=\"(max-width: 324px) 100vw, 324px\" \/><h2 class=\"woocommerce-loop-product__title\">Inspiracja Christian Dior Sauvage 100ml<\/h2>\n\t<span class=\"price\"><span class=\"woocommerce-Price-amount amount\"><bdi>40,00&nbsp;<span class=\"woocommerce-Price-currencySymbol\">&#122;&#322;<\/span><\/bdi><\/span><\/span>\n<\/a><a href=\"https:\/\/chantallbutik.pl\/index.php\/product\/inspiracja-christian-dior-sauvage-100ml\/\" data-quantity=\"1\" class=\"button product_type_simple\" data-product_id=\"2234\" data-product_sku=\"\" aria-label=\"Przeczytaj wi\u0119cej o &bdquo;Inspiracja Christian Dior Sauvage 100ml&rdquo;\" aria-describedby=\"\" rel=\"nofollow\">Dowiedz si\u0119 wi\u0119cej<\/a><\/li>\n<li class=\"product type-product post-2524 status-publish last outofstock product_cat-damskie has-post-thumbnail taxable shipping-taxable purchasable product-type-simple\">\n\t<a href=\"https:\/\/chantallbutik.pl\/index.php\/product\/100ml-50\/\" class=\"woocommerce-LoopProduct-link woocommerce-loop-product__link\"><img loading=\"lazy\" decoding=\"async\" width=\"324\" height=\"324\" src=\"https:\/\/chantallbutik.pl\/wp-content\/uploads\/2024\/05\/Photoroom-20240529_171104_39-324x324.png\" class=\"attachment-woocommerce_thumbnail size-woocommerce_thumbnail\" alt=\"\" srcset=\"https:\/\/chantallbutik.pl\/wp-content\/uploads\/2024\/05\/Photoroom-20240529_171104_39-324x324.png 324w, https:\/\/chantallbutik.pl\/wp-content\/uploads\/2024\/05\/Photoroom-20240529_171104_39-150x150.png 150w, https:\/\/chantallbutik.pl\/wp-content\/uploads\/2024\/05\/Photoroom-20240529_171104_39-300x300.png 300w, https:\/\/chantallbutik.pl\/wp-content\/uploads\/2024\/05\/Photoroom-20240529_171104_39-768x768.png 768w, https:\/\/chantallbutik.pl\/wp-content\/uploads\/2024\/05\/Photoroom-20240529_171104_39-1024x1024.png 1024w, https:\/\/chantallbutik.pl\/wp-content\/uploads\/2024\/05\/Photoroom-20240529_171104_39-416x416.png 416w, https:\/\/chantallbutik.pl\/wp-content\/uploads\/2024\/05\/Photoroom-20240529_171104_39-100x100.png 100w, https:\/\/chantallbutik.pl\/wp-content\/uploads\/2024\/05\/Photoroom-20240529_171104_39.png 1600w\" sizes=\"(max-width: 324px) 100vw, 324px\" \/><h2 class=\"woocommerce-loop-product__title\">Inspiracja Yves Saint Laurent Libre 100ml<\/h2>\n\t<span class=\"price\"><span class=\"woocommerce-Price-amount amount\"><bdi>45,00&nbsp;<span class=\"woocommerce-Price-currencySymbol\">&#122;&#322;<\/span><\/bdi><\/span><\/span>\n<\/a><a href=\"https:\/\/chantallbutik.pl\/index.php\/product\/100ml-50\/\" data-quantity=\"1\" class=\"button product_type_simple\" data-product_id=\"2524\" data-product_sku=\"\" aria-label=\"Przeczytaj wi\u0119cej o &bdquo;Inspiracja Yves Saint Laurent Libre 100ml&rdquo;\" aria-describedby=\"\" rel=\"nofollow\">Dowiedz si\u0119 wi\u0119cej<\/a><\/li>\n<\/ul>\n<\/div>\n<p style=\"text-align: center;\">! ! ! URLOP DO 15.06.2025 ! ! ! URLOP DO 15.06.2025 ! ! ! URLOP DO 15.06.2025 ! ! !<\/p>\n<p style=\"text-align: center;\">Witamy w naszym sklepie internetowym.<\/p>\n<p style=\"text-align: center;\">Na rynku dzia\u0142amy od 2013 roku. W przeci\u0105gu tych lat zdobyli\u015bmy grono zadowolonych klient\u00f3w, kt\u00f3re codziennie si\u0119 powi\u0119ksza.<\/p>\n<p style=\"text-align: center;\">Oferujemy szeroki wyb\u00f3r zapach\u00f3w inspirowanych, perfumy oraz perfumetki.<\/p>\n<p style=\"text-align: center;\">Posiadamy konkurencyjne ceny.<\/p>\n<p style=\"text-align: center;\">Dok\u0142adamy wszelkich stara\u0144 aby ka\u017cdy nasz klient by zadowolony.<\/p>\n<p style=\"text-align: center;\">\u00a0Kupuj\u0105 Pa\u0144stwo u Nas jak najbardziej zbli\u017cone odpowiedniki oryginalnych perfum.<\/p>\n<p style=\"text-align: center;\">Wszystkie zdj\u0119cia na Naszej stronie przedstawiaj\u0105 realny produkt jaki Pa\u0144stwo od Nas otrzymaj\u0105.<\/p>\n<p style=\"text-align: center;\">Szata graficzna pude\u0142ka\/butelki lub kszta\u0142t mo\u017ce nieznacznie si\u0119 r\u00f3\u017cni\u0107 w przypadku nowej dostawy od producenta.<\/p>\n<p style=\"text-align: center;\"><strong><em>Oryginalne nazwy zapach\u00f3w podane s\u0105 w celach informacyjnych.<\/em><\/strong><\/p>\n<p><strong>Informacje o wysy\u0142ce:<\/strong> Wp\u0142ata na konto:Przelew tradycyjny lub PayPal Na wp\u0142at\u0119 jest termin 48h od z\u0142o\u017cenia zam\u00f3wienia. *Wysy\u0142ki dokonujemy w ci\u0105gu 24h roboczych od zaksi\u0119gowania si\u0119 pieni\u0119dzy na koncie. Czas dostawy: do 3 Dni roboczych. Korzystamy z us\u0142ug kurier InPost oraz paczkomaty InPost.<\/p>\n<p style=\"text-align: center;\">\n","protected":false},"excerpt":{"rendered":"<p>! ! ! URLOP DO 15.06.2025 ! ! ! URLOP DO 15.06.2025 ! ! ! URLOP DO 15.06.2025 ! ! ! Witamy w naszym sklepie internetowym. Na rynku dzia\u0142amy od 2013 roku. W przeci\u0105gu tych lat zdobyli\u015bmy grono zadowolonych klient\u00f3w, kt\u00f3re codziennie si\u0119 powi\u0119ksza. Oferujemy szeroki wyb\u00f3r zapach\u00f3w inspirowanych, perfumy oraz perfumetki. Posiadamy konkurencyjne ceny. [&hellip;]<\/p>\n","protected":false},"author":2,"featured_media":0,"parent":0,"menu_order":0,"comment_status":"closed","ping_status":"closed","template":"","meta":{"footnotes":""},"_links":{"self":[{"href":"https:\/\/chantallbutik.pl\/index.php\/wp-json\/wp\/v2\/pages\/2"}],"collection":[{"href":"https:\/\/chantallbutik.pl\/index.php\/wp-json\/wp\/v2\/pages"}],"about":[{"href":"https:\/\/chantallbutik.pl\/index.php\/wp-json\/wp\/v2\/types\/page"}],"author":[{"embeddable":true,"href":"https:\/\/chantallbutik.pl\/index.php\/wp-json\/wp\/v2\/users\/2"}],"replies":[{"embeddable":true,"href":"https:\/\/chantallbutik.pl\/index.php\/wp-json\/wp\/v2\/comments?post=2"}],"version-history":[{"count":50,"href":"https:\/\/chantallbutik.pl\/index.php\/wp-json\/wp\/v2\/pages\/2\/revisions"}],"predecessor-version":[{"id":2908,"href":"https:\/\/chantallbutik.pl\/index.php\/wp-json\/wp\/v2\/pages\/2\/revisions\/2908"}],"wp:attachment":[{"href":"https:\/\/chantallbutik.pl\/index.php\/wp-json\/wp\/v2\/media?parent=2"}],"curies":[{"name":"wp","href":"https:\/\/api.w.org\/{rel}","templated":true}]}}