{"id":2486,"date":"2024-05-29T19:21:20","date_gmt":"2024-05-29T17:21:20","guid":{"rendered":"http:\/\/chantallbutik.pl\/?post_type=product&#038;p=2486"},"modified":"2025-09-23T22:03:01","modified_gmt":"2025-09-23T20:03:01","slug":"80ml-5","status":"publish","type":"product","link":"http:\/\/chantallbutik.pl\/index.php\/product\/80ml-5\/","title":{"rendered":"Inspiracja Paco Rabanne Lady Million Lucky 80ml"},"content":{"rendered":"","protected":false},"excerpt":{"rendered":"<p>Pojemno\u015b\u0107 100ml<\/p>\n<div id=\"description\" class=\"tab-pane fade in active\" role=\"tabpanel\">\n<div class=\"product-description\">\n<p><strong>Premiera:<\/strong> 2018 rok<\/p>\n<p>To kwiatowo &#8211; owocowe perfumy dla kobiet.<\/p>\n<p><strong>Nuty zapachowe:<\/strong><\/p>\n<p>nuta g\u0142owy: malina;<\/p>\n<p>nuta serca: r\u00f3\u017ca, ja\u015bmin i orzech laskowy;<\/p>\n<p>nuta bazy: mi\u00f3d, drzewo sanda\u0142owe, cedr i drzewo kaszmirowe.<\/p>\n<\/div>\n<\/div>\n","protected":false},"featured_media":2348,"comment_status":"open","ping_status":"closed","template":"","meta":[],"product_cat":[20],"product_tag":[],"_links":{"self":[{"href":"http:\/\/chantallbutik.pl\/index.php\/wp-json\/wp\/v2\/product\/2486"}],"collection":[{"href":"http:\/\/chantallbutik.pl\/index.php\/wp-json\/wp\/v2\/product"}],"about":[{"href":"http:\/\/chantallbutik.pl\/index.php\/wp-json\/wp\/v2\/types\/product"}],"replies":[{"embeddable":true,"href":"http:\/\/chantallbutik.pl\/index.php\/wp-json\/wp\/v2\/comments?post=2486"}],"wp:featuredmedia":[{"embeddable":true,"href":"http:\/\/chantallbutik.pl\/index.php\/wp-json\/wp\/v2\/media\/2348"}],"wp:attachment":[{"href":"http:\/\/chantallbutik.pl\/index.php\/wp-json\/wp\/v2\/media?parent=2486"}],"wp:term":[{"taxonomy":"product_cat","embeddable":true,"href":"http:\/\/chantallbutik.pl\/index.php\/wp-json\/wp\/v2\/product_cat?post=2486"},{"taxonomy":"product_tag","embeddable":true,"href":"http:\/\/chantallbutik.pl\/index.php\/wp-json\/wp\/v2\/product_tag?post=2486"}],"curies":[{"name":"wp","href":"https:\/\/api.w.org\/{rel}","templated":true}]}}