{"id":2462,"date":"2024-05-29T19:11:42","date_gmt":"2024-05-29T17:11:42","guid":{"rendered":"http:\/\/chantallbutik.pl\/?post_type=product&#038;p=2462"},"modified":"2025-09-23T22:03:26","modified_gmt":"2025-09-23T20:03:26","slug":"100ml-24","status":"publish","type":"product","link":"http:\/\/chantallbutik.pl\/index.php\/product\/100ml-24\/","title":{"rendered":"Inspiracja Valentino Born In Roma Yellow Dream Donna 100ml"},"content":{"rendered":"<p>Nuty zapachowe<\/p>\n<p>*G\u0142owa kalabryjska bergamotka, w\u0142oska cytryna, liczi<\/p>\n<p>*Serce piwonia, r\u00f3\u017ca turecka<\/p>\n<p>*Podstawa bia\u0142e pi\u017cmo, wanilia madagaskarska, drzewo cedrowe<\/p>\n","protected":false},"excerpt":{"rendered":"<p>Nuty zapachowe *G\u0142owa kalabryjska bergamotka, w\u0142oska cytryna, liczi *Serce piwonia, r\u00f3\u017ca turecka *Podstawa bia\u0142e pi\u017cmo, wanilia madagaskarska, drzewo cedrowe<\/p>\n","protected":false},"featured_media":2369,"comment_status":"open","ping_status":"closed","template":"","meta":[],"product_cat":[20],"product_tag":[],"_links":{"self":[{"href":"http:\/\/chantallbutik.pl\/index.php\/wp-json\/wp\/v2\/product\/2462"}],"collection":[{"href":"http:\/\/chantallbutik.pl\/index.php\/wp-json\/wp\/v2\/product"}],"about":[{"href":"http:\/\/chantallbutik.pl\/index.php\/wp-json\/wp\/v2\/types\/product"}],"replies":[{"embeddable":true,"href":"http:\/\/chantallbutik.pl\/index.php\/wp-json\/wp\/v2\/comments?post=2462"}],"wp:featuredmedia":[{"embeddable":true,"href":"http:\/\/chantallbutik.pl\/index.php\/wp-json\/wp\/v2\/media\/2369"}],"wp:attachment":[{"href":"http:\/\/chantallbutik.pl\/index.php\/wp-json\/wp\/v2\/media?parent=2462"}],"wp:term":[{"taxonomy":"product_cat","embeddable":true,"href":"http:\/\/chantallbutik.pl\/index.php\/wp-json\/wp\/v2\/product_cat?post=2462"},{"taxonomy":"product_tag","embeddable":true,"href":"http:\/\/chantallbutik.pl\/index.php\/wp-json\/wp\/v2\/product_tag?post=2462"}],"curies":[{"name":"wp","href":"https:\/\/api.w.org\/{rel}","templated":true}]}}