{"id":2261,"date":"2024-05-28T19:15:07","date_gmt":"2024-05-28T17:15:07","guid":{"rendered":"http:\/\/chantallbutik.pl\/?post_type=product&#038;p=2261"},"modified":"2025-09-23T22:04:21","modified_gmt":"2025-09-23T20:04:21","slug":"inspiracja-guerlain-santal-royal-100ml","status":"publish","type":"product","link":"http:\/\/chantallbutik.pl\/index.php\/product\/inspiracja-guerlain-santal-royal-100ml\/","title":{"rendered":"Inspiracja Guerlain Santal Royal 100ml"},"content":{"rendered":"","protected":false},"excerpt":{"rendered":"<p>WODA PERFUMOWANA ! ! !<\/p>\n<p>Pojemno\u015b\u0107 100ml<\/p>\n<p>To orientalno &#8211; drzewne perfumy dla kobiet i m\u0119\u017cczyzn.<\/p>\n<p>NUTY ZAPACHOWE:<\/p>\n<p>Nutami g\u0142owy s\u0105: Ja\u015bmin i Neroli;<\/p>\n<p>Nutami serca s\u0105: R\u00f3\u017ca, Cynamon i Brzoskwinia;<\/p>\n<p>Nutami bazy s\u0105: Agar (oud), Drzewo sanda\u0142owe, Sk\u00f3ra, Bursztyn i Pi\u017cmo.<\/p>\n","protected":false},"featured_media":2161,"comment_status":"open","ping_status":"closed","template":"","meta":[],"product_cat":[20,19],"product_tag":[],"_links":{"self":[{"href":"http:\/\/chantallbutik.pl\/index.php\/wp-json\/wp\/v2\/product\/2261"}],"collection":[{"href":"http:\/\/chantallbutik.pl\/index.php\/wp-json\/wp\/v2\/product"}],"about":[{"href":"http:\/\/chantallbutik.pl\/index.php\/wp-json\/wp\/v2\/types\/product"}],"replies":[{"embeddable":true,"href":"http:\/\/chantallbutik.pl\/index.php\/wp-json\/wp\/v2\/comments?post=2261"}],"wp:featuredmedia":[{"embeddable":true,"href":"http:\/\/chantallbutik.pl\/index.php\/wp-json\/wp\/v2\/media\/2161"}],"wp:attachment":[{"href":"http:\/\/chantallbutik.pl\/index.php\/wp-json\/wp\/v2\/media?parent=2261"}],"wp:term":[{"taxonomy":"product_cat","embeddable":true,"href":"http:\/\/chantallbutik.pl\/index.php\/wp-json\/wp\/v2\/product_cat?post=2261"},{"taxonomy":"product_tag","embeddable":true,"href":"http:\/\/chantallbutik.pl\/index.php\/wp-json\/wp\/v2\/product_tag?post=2261"}],"curies":[{"name":"wp","href":"https:\/\/api.w.org\/{rel}","templated":true}]}}