{"id":2244,"date":"2024-05-28T18:48:18","date_gmt":"2024-05-28T16:48:18","guid":{"rendered":"http:\/\/chantallbutik.pl\/?post_type=product&#038;p=2244"},"modified":"2025-09-23T22:04:22","modified_gmt":"2025-09-23T20:04:22","slug":"inspiracja-dolce-gabbana-q-pour-femme-100ml","status":"publish","type":"product","link":"http:\/\/chantallbutik.pl\/index.php\/product\/inspiracja-dolce-gabbana-q-pour-femme-100ml\/","title":{"rendered":"Inspiracja Dolce Gabbana Q Pour Femme 100ml"},"content":{"rendered":"","protected":false},"excerpt":{"rendered":"<p>WODA PERFUMOWANA ! ! !<\/p>\n<p>Pojemno\u015b\u0107 100ml<\/p>\n<p class=\"western\"><b>Premiera: <\/b>2023 rok<\/p>\n<p class=\"western\">To aromatyczno &#8211; owocowe perfumy dla kobiet.<\/p>\n<p class=\"western\"><b>Nuty zapachowe:<\/b><\/p>\n<p class=\"western\">nuta g\u0142owy: Sycylijska cytryna, Czerwona pomara\u0144cza i Ja\u015bmin;<\/p>\n<p class=\"western\">nuta serca: Wi\u015bnia i Heliotrop;<\/p>\n<p class=\"western\">nuta bazy: Pi\u017cmo i Cedr.<\/p>\n","protected":false},"featured_media":2118,"comment_status":"open","ping_status":"closed","template":"","meta":[],"product_cat":[20],"product_tag":[],"_links":{"self":[{"href":"http:\/\/chantallbutik.pl\/index.php\/wp-json\/wp\/v2\/product\/2244"}],"collection":[{"href":"http:\/\/chantallbutik.pl\/index.php\/wp-json\/wp\/v2\/product"}],"about":[{"href":"http:\/\/chantallbutik.pl\/index.php\/wp-json\/wp\/v2\/types\/product"}],"replies":[{"embeddable":true,"href":"http:\/\/chantallbutik.pl\/index.php\/wp-json\/wp\/v2\/comments?post=2244"}],"wp:featuredmedia":[{"embeddable":true,"href":"http:\/\/chantallbutik.pl\/index.php\/wp-json\/wp\/v2\/media\/2118"}],"wp:attachment":[{"href":"http:\/\/chantallbutik.pl\/index.php\/wp-json\/wp\/v2\/media?parent=2244"}],"wp:term":[{"taxonomy":"product_cat","embeddable":true,"href":"http:\/\/chantallbutik.pl\/index.php\/wp-json\/wp\/v2\/product_cat?post=2244"},{"taxonomy":"product_tag","embeddable":true,"href":"http:\/\/chantallbutik.pl\/index.php\/wp-json\/wp\/v2\/product_tag?post=2244"}],"curies":[{"name":"wp","href":"https:\/\/api.w.org\/{rel}","templated":true}]}}