{"id":2220,"date":"2024-05-28T18:06:52","date_gmt":"2024-05-28T16:06:52","guid":{"rendered":"http:\/\/chantallbutik.pl\/?post_type=product&#038;p=2220"},"modified":"2025-09-23T22:05:06","modified_gmt":"2025-09-23T20:05:06","slug":"inspiracja-hugo-boss-alive-woman-100ml","status":"publish","type":"product","link":"http:\/\/chantallbutik.pl\/index.php\/product\/inspiracja-hugo-boss-alive-woman-100ml\/","title":{"rendered":"Inspiracja Hugo Boss Alive Woman 100ml"},"content":{"rendered":"","protected":false},"excerpt":{"rendered":"<p>WODA PERFUMOWANA ! ! !<\/p>\n<p>Pojemno\u015b\u0107 100ml<\/p>\n<p><b>Premiera: <\/b>2020 rok<\/p>\n<p>To drzewno &#8211; aromatyczne perfumy dla kobiet.<\/p>\n<p><b>Nuty zapachowe:<br \/>\n<\/b><\/p>\n<p>nuta g\u0142owy: Madagaskarska wanilia, \u015aliwka, Cynamon, Jab\u0142ko i Czarna porzeczka;<\/p>\n<p>nuta serca: Ja\u015bmin wielkolistny i Tymianek;<\/p>\n<p>nuta bazy: Nuty drzewne, Drzewo sanda\u0142owe, Cedr i Drzewo oliwne.<\/p>\n","protected":false},"featured_media":2105,"comment_status":"open","ping_status":"closed","template":"","meta":[],"product_cat":[20],"product_tag":[],"_links":{"self":[{"href":"http:\/\/chantallbutik.pl\/index.php\/wp-json\/wp\/v2\/product\/2220"}],"collection":[{"href":"http:\/\/chantallbutik.pl\/index.php\/wp-json\/wp\/v2\/product"}],"about":[{"href":"http:\/\/chantallbutik.pl\/index.php\/wp-json\/wp\/v2\/types\/product"}],"replies":[{"embeddable":true,"href":"http:\/\/chantallbutik.pl\/index.php\/wp-json\/wp\/v2\/comments?post=2220"}],"wp:featuredmedia":[{"embeddable":true,"href":"http:\/\/chantallbutik.pl\/index.php\/wp-json\/wp\/v2\/media\/2105"}],"wp:attachment":[{"href":"http:\/\/chantallbutik.pl\/index.php\/wp-json\/wp\/v2\/media?parent=2220"}],"wp:term":[{"taxonomy":"product_cat","embeddable":true,"href":"http:\/\/chantallbutik.pl\/index.php\/wp-json\/wp\/v2\/product_cat?post=2220"},{"taxonomy":"product_tag","embeddable":true,"href":"http:\/\/chantallbutik.pl\/index.php\/wp-json\/wp\/v2\/product_tag?post=2220"}],"curies":[{"name":"wp","href":"https:\/\/api.w.org\/{rel}","templated":true}]}}