{"id":2071,"date":"2024-05-27T20:09:25","date_gmt":"2024-05-27T18:09:25","guid":{"rendered":"http:\/\/chantallbutik.pl\/?post_type=product&#038;p=2071"},"modified":"2025-09-23T22:06:23","modified_gmt":"2025-09-23T20:06:23","slug":"inspiracja-chloe-eau-de-parfum-lumineuse-chloe-100ml","status":"publish","type":"product","link":"http:\/\/chantallbutik.pl\/index.php\/product\/inspiracja-chloe-eau-de-parfum-lumineuse-chloe-100ml\/","title":{"rendered":"Inspiracja Chlo\u00e9 Eau de Parfum Lumineuse Chlo\u00e9 100ml"},"content":{"rendered":"","protected":false},"excerpt":{"rendered":"<p>WODA PERFUMOWANA ! ! !<\/p>\n<p>Pojemno\u015b\u0107 100ml<\/p>\n<p><b>T<\/b>o orientalno &#8211; kwiatowe perfumy dla kobiet. S\u0105 to nowe perfumy.<\/p>\n<p>NUTY ZAPACHOWE:<\/p>\n<p>Nut\u0119 g\u0142owy stanowi: Ja\u015bmin wielkolistny;<\/p>\n<p>Nut\u0105 serca: jest R\u00f3\u017ca;<\/p>\n<p>Nutami bazy s\u0105: Nuty balsamiczne, Wanilia i Bursztyn.<\/p>\n","protected":false},"featured_media":2017,"comment_status":"open","ping_status":"closed","template":"","meta":[],"product_cat":[20],"product_tag":[],"_links":{"self":[{"href":"http:\/\/chantallbutik.pl\/index.php\/wp-json\/wp\/v2\/product\/2071"}],"collection":[{"href":"http:\/\/chantallbutik.pl\/index.php\/wp-json\/wp\/v2\/product"}],"about":[{"href":"http:\/\/chantallbutik.pl\/index.php\/wp-json\/wp\/v2\/types\/product"}],"replies":[{"embeddable":true,"href":"http:\/\/chantallbutik.pl\/index.php\/wp-json\/wp\/v2\/comments?post=2071"}],"wp:featuredmedia":[{"embeddable":true,"href":"http:\/\/chantallbutik.pl\/index.php\/wp-json\/wp\/v2\/media\/2017"}],"wp:attachment":[{"href":"http:\/\/chantallbutik.pl\/index.php\/wp-json\/wp\/v2\/media?parent=2071"}],"wp:term":[{"taxonomy":"product_cat","embeddable":true,"href":"http:\/\/chantallbutik.pl\/index.php\/wp-json\/wp\/v2\/product_cat?post=2071"},{"taxonomy":"product_tag","embeddable":true,"href":"http:\/\/chantallbutik.pl\/index.php\/wp-json\/wp\/v2\/product_tag?post=2071"}],"curies":[{"name":"wp","href":"https:\/\/api.w.org\/{rel}","templated":true}]}}