{"id":1987,"date":"2024-05-27T17:07:47","date_gmt":"2024-05-27T15:07:47","guid":{"rendered":"http:\/\/chantallbutik.pl\/?post_type=product&#038;p=1987"},"modified":"2025-09-23T22:07:04","modified_gmt":"2025-09-23T20:07:04","slug":"inspiracja-givenchy-ange-ou-demon-le-secret-100ml","status":"publish","type":"product","link":"http:\/\/chantallbutik.pl\/index.php\/product\/inspiracja-givenchy-ange-ou-demon-le-secret-100ml\/","title":{"rendered":"Inspiracja Givenchy Ange ou Demon Le Secret 100ml"},"content":{"rendered":"","protected":false},"excerpt":{"rendered":"<p>WODA PERFUMOWANA ! ! !<\/p>\n<p>Pojemno\u015b\u0107 100ml<\/p>\n<div id=\"description\" class=\"tab-pane fade in active\" role=\"tabpanel\">\n<div class=\"product-description\">\n<p><b>Premiera: <\/b>2014 rok<\/p>\n<p><strong>Nuty zapachowe:<\/strong><\/p>\n<p>nuta g\u0142owy: cytryna, li\u015b\u0107 herbaty, \u017burawina, grejpfrut i pomara\u0144cza;<\/p>\n<p>nuta serca: piwonia, lilia wodna, ja\u015bmin wielkolistny, r\u00f3\u017ca i hedione;<\/p>\n<p>nuta bazy: paczula, bia\u0142e drzewa, bia\u0142e pi\u017cmo, drzewo bursztynowe i wanilia.<\/p>\n<\/div>\n<\/div>\n","protected":false},"featured_media":1961,"comment_status":"open","ping_status":"closed","template":"","meta":[],"product_cat":[20],"product_tag":[],"_links":{"self":[{"href":"http:\/\/chantallbutik.pl\/index.php\/wp-json\/wp\/v2\/product\/1987"}],"collection":[{"href":"http:\/\/chantallbutik.pl\/index.php\/wp-json\/wp\/v2\/product"}],"about":[{"href":"http:\/\/chantallbutik.pl\/index.php\/wp-json\/wp\/v2\/types\/product"}],"replies":[{"embeddable":true,"href":"http:\/\/chantallbutik.pl\/index.php\/wp-json\/wp\/v2\/comments?post=1987"}],"wp:featuredmedia":[{"embeddable":true,"href":"http:\/\/chantallbutik.pl\/index.php\/wp-json\/wp\/v2\/media\/1961"}],"wp:attachment":[{"href":"http:\/\/chantallbutik.pl\/index.php\/wp-json\/wp\/v2\/media?parent=1987"}],"wp:term":[{"taxonomy":"product_cat","embeddable":true,"href":"http:\/\/chantallbutik.pl\/index.php\/wp-json\/wp\/v2\/product_cat?post=1987"},{"taxonomy":"product_tag","embeddable":true,"href":"http:\/\/chantallbutik.pl\/index.php\/wp-json\/wp\/v2\/product_tag?post=1987"}],"curies":[{"name":"wp","href":"https:\/\/api.w.org\/{rel}","templated":true}]}}